
{"id":41,"date":"2018-03-05T08:11:53","date_gmt":"2018-03-05T07:11:53","guid":{"rendered":"https:\/\/veranstaltungen.muenchen.de\/stadtarchiv\/?page_id=41"},"modified":"2026-04-30T16:40:42","modified_gmt":"2026-04-30T14:40:42","slug":"impressum","status":"publish","type":"page","link":"https:\/\/veranstaltungen.muenchen.de\/stadtarchiv\/impressum\/","title":{"rendered":"Impressum"},"content":{"rendered":"\n<div class=\"wp-block-columns has-2-columns is-layout-flex wp-container-core-columns-is-layout-1 wp-block-columns-is-layout-flex\">\n<div class=\"wp-block-column is-layout-flow wp-block-column-is-layout-flow\">\n<p><strong>Landeshauptstadt M\u00fcnchen<\/strong><br> Oberb\u00fcrgermeister Dominik Krause<br><br>Postfach<br> 80313 M\u00fcnchen<br><br>K\u00f6rperschaft des \u00f6ffentlichen Rechts<br>Umsatzsteuer-Identifikationsnummer DE 129 524 000<br>Zust\u00e4ndige Aufsichtsbeh\u00f6rde: Regierung von Oberbayern<\/p>\n<\/div>\n\n\n\n<div class=\"wp-block-column is-layout-flow wp-block-column-is-layout-flow\">\n<p><strong>Landeshauptstadt M\u00fcnchen &#8211; Direktorium<\/strong><br>Silvia Dichtl<br><br>Marienplatz 8<br>80331 M\u00fcnchen,<br>E-Mail: <a href=\"mailto:direktorium@muenchen.de\">direktorium@muenchen.de<\/a><\/p>\n<\/div>\n<\/div>\n","protected":false},"excerpt":{"rendered":"<p>Landeshauptstadt M\u00fcnchen Oberb\u00fcrgermeister Dominik Krause Postfach 80313 M\u00fcnchen K\u00f6rperschaft des \u00f6ffentlichen RechtsUmsatzsteuer-Identifikationsnummer DE 129 524 000Zust\u00e4ndige Aufsichtsbeh\u00f6rde: Regierung von Oberbayern Landeshauptstadt M\u00fcnchen &#8211; DirektoriumSilvia Dichtl Marienplatz 880331 M\u00fcnchen,E-Mail: direktorium@muenchen.de<\/p>\n","protected":false},"author":5,"featured_media":0,"parent":0,"menu_order":0,"comment_status":"closed","ping_status":"closed","template":"","meta":{"footnotes":""},"class_list":["post-41","page","type-page","status-publish","hentry"],"_links":{"self":[{"href":"https:\/\/veranstaltungen.muenchen.de\/stadtarchiv\/wp-json\/wp\/v2\/pages\/41"}],"collection":[{"href":"https:\/\/veranstaltungen.muenchen.de\/stadtarchiv\/wp-json\/wp\/v2\/pages"}],"about":[{"href":"https:\/\/veranstaltungen.muenchen.de\/stadtarchiv\/wp-json\/wp\/v2\/types\/page"}],"author":[{"embeddable":true,"href":"https:\/\/veranstaltungen.muenchen.de\/stadtarchiv\/wp-json\/wp\/v2\/users\/5"}],"replies":[{"embeddable":true,"href":"https:\/\/veranstaltungen.muenchen.de\/stadtarchiv\/wp-json\/wp\/v2\/comments?post=41"}],"version-history":[{"count":9,"href":"https:\/\/veranstaltungen.muenchen.de\/stadtarchiv\/wp-json\/wp\/v2\/pages\/41\/revisions"}],"predecessor-version":[{"id":1097,"href":"https:\/\/veranstaltungen.muenchen.de\/stadtarchiv\/wp-json\/wp\/v2\/pages\/41\/revisions\/1097"}],"wp:attachment":[{"href":"https:\/\/veranstaltungen.muenchen.de\/stadtarchiv\/wp-json\/wp\/v2\/media?parent=41"}],"curies":[{"name":"wp","href":"https:\/\/api.w.org\/{rel}","templated":true}]}}

<div class="wp-block-columns has-2-columns is-layout-flex wp-container-core-columns-is-layout-1 wp-block-columns-is-layout-flex">
<div class="wp-block-column is-layout-flow wp-block-column-is-layout-flow">
<p><strong>Landeshauptstadt München</strong><br> Oberbürgermeister Dominik Krause<br><br>Postfach<br> 80313 München<br><br>Körperschaft des öffentlichen Rechts<br>Umsatzsteuer-Identifikationsnummer DE 129 524 000<br>Zuständige Aufsichtsbehörde: Regierung von Oberbayern</p>
</div>



<div class="wp-block-column is-layout-flow wp-block-column-is-layout-flow">
<p><strong>Landeshauptstadt München &#8211; Direktorium</strong><br>Silvia Dichtl<br><br>Marienplatz 8<br>80331 München,<br>E-Mail: <a href="mailto:direktorium@muenchen.de">direktorium@muenchen.de</a></p>
</div>
</div>

<p>Landeshauptstadt München Oberbürgermeister Dominik Krause Postfach 80313 München Körperschaft des öffentlichen RechtsUmsatzsteuer-Identifikationsnummer DE 129 524 000Zuständige Aufsichtsbehörde: Regierung von Oberbayern Landeshauptstadt München &#8211; DirektoriumSilvia Dichtl Marienplatz 880331 München,E-Mail: direktorium@muenchen.de</p>
