
{"id":2,"date":"2019-03-08T08:35:06","date_gmt":"2019-03-08T07:35:06","guid":{"rendered":"https:\/\/veranstaltungen.muenchen.de\/rbs\/?page_id=2"},"modified":"2019-05-08T15:53:42","modified_gmt":"2019-05-08T13:53:42","slug":"willkommen","status":"publish","type":"page","link":"https:\/\/veranstaltungen.muenchen.de\/rbs\/","title":{"rendered":"Willkommen"},"content":{"rendered":"<div class=\"entry-content\">\n<p>Hier k\u00f6nnen Sie sich zu Veranstaltungen des Referats f\u00fcr Bildung und Sport anmelden.<\/p>\n<p>&nbsp;<\/p>\n<p>Bitte f\u00fcllen Sie unser Anmeldeformular zur gew\u00fcnschten Veranstaltung mit Ihren Kontaktinformationen aus und senden es mit der Schaltfl\u00e4che \u201ezur Veranstaltung anmelden\u201c ab. Sie erhalten umgehend eine E-Mail mit der Best\u00e4tigung Ihrer Buchung.<\/p>\n<p>&nbsp;<\/p>\n<p>Falls Sie Fragen haben oder sich von einer bereits gebuchten Veranstaltung wieder abmelden m\u00f6chten, wenden Sie sich bitte an die bei der Veranstaltung genannten Ansprechpartner.<\/p>\n<p>&nbsp;<\/p>\n<p>Einige Veranstaltungen sind nur f\u00fcr einen bestimmten Personenkreis vorgesehen. Bitte beachten Sie hierzu die Hinweise in den Beschreibungen.<\/p>\n<p>&nbsp;<\/p>\n<h4><strong>&gt;&gt; <\/strong><a href=\"https:\/\/veranstaltungen.muenchen.de\/rbs\/veranstaltungen\/\"><strong>Veranstaltungs\u00fcbersicht<\/strong><\/a><\/h4>\n<p>&nbsp;<\/p>\n<h4><strong>Hinweis zum Datenschutz:<\/strong><\/h4>\n<p>&nbsp;<\/p>\n<p>Wir nehmen den Datenschutz sehr ernst. Unserem Online-Anmeldesystem ist daher keine Benutzerverwaltung hinterlegt. Dies bedeutet jedoch, dass Sie Ihre Anmeldedaten immer wieder neu eingeben m\u00fcssen, wenn Sie sich zu mehreren Veranstaltungen anmelden m\u00f6chten.<\/p>\n<p>&nbsp;<\/p>\n<p>Ihre Daten werden ausschlie\u00dflich im Zusammenhang mit der von Ihnen gebuchten Veranstaltung gespeichert und weiterverarbeitet. 90 Tage nach Ende der Veranstaltung werden alle Anmeldedaten automatisch gel\u00f6scht.<\/p>\n<\/div>\n","protected":false},"excerpt":{"rendered":"<p>Hier k\u00f6nnen Sie sich zu Veranstaltungen des Referats f\u00fcr Bildung und Sport anmelden. &nbsp; Bitte f\u00fcllen Sie unser Anmeldeformular zur gew\u00fcnschten Veranstaltung mit Ihren Kontaktinformationen aus und senden es mit der Schaltfl\u00e4che \u201ezur Veranstaltung anmelden\u201c ab. Sie erhalten umgehend eine E-Mail mit der Best\u00e4tigung Ihrer Buchung. &nbsp; Falls Sie Fragen haben oder sich von einer [&hellip;]<\/p>\n","protected":false},"author":4799,"featured_media":0,"parent":0,"menu_order":0,"comment_status":"closed","ping_status":"open","template":"","meta":{"footnotes":""},"class_list":["post-2","page","type-page","status-publish","hentry"],"_links":{"self":[{"href":"https:\/\/veranstaltungen.muenchen.de\/rbs\/wp-json\/wp\/v2\/pages\/2"}],"collection":[{"href":"https:\/\/veranstaltungen.muenchen.de\/rbs\/wp-json\/wp\/v2\/pages"}],"about":[{"href":"https:\/\/veranstaltungen.muenchen.de\/rbs\/wp-json\/wp\/v2\/types\/page"}],"author":[{"embeddable":true,"href":"https:\/\/veranstaltungen.muenchen.de\/rbs\/wp-json\/wp\/v2\/users\/4799"}],"replies":[{"embeddable":true,"href":"https:\/\/veranstaltungen.muenchen.de\/rbs\/wp-json\/wp\/v2\/comments?post=2"}],"version-history":[{"count":8,"href":"https:\/\/veranstaltungen.muenchen.de\/rbs\/wp-json\/wp\/v2\/pages\/2\/revisions"}],"predecessor-version":[{"id":66,"href":"https:\/\/veranstaltungen.muenchen.de\/rbs\/wp-json\/wp\/v2\/pages\/2\/revisions\/66"}],"wp:attachment":[{"href":"https:\/\/veranstaltungen.muenchen.de\/rbs\/wp-json\/wp\/v2\/media?parent=2"}],"curies":[{"name":"wp","href":"https:\/\/api.w.org\/{rel}","templated":true}]}}