
{"id":13,"date":"2020-02-14T14:53:31","date_gmt":"2020-02-14T13:53:31","guid":{"rendered":"http:\/\/test78.muenchen.de\/protokoll\/?page_id=13"},"modified":"2022-04-26T12:11:19","modified_gmt":"2022-04-26T10:11:19","slug":"willkommen","status":"publish","type":"page","link":"https:\/\/veranstaltungen.muenchen.de\/protokoll\/","title":{"rendered":"Willkommen"},"content":{"rendered":"\n<p>Auf dieser Seite haben Sie die M\u00f6glichkeit, sich zu Veranstaltungen des Oberb\u00fcrgermeisters der Landeshauptstadt M\u00fcnchen anzumelden. <\/p>\n\n\n\n<p><\/p>\n","protected":false},"excerpt":{"rendered":"<p>Auf dieser Seite haben Sie die M\u00f6glichkeit, sich zu Veranstaltungen des Oberb\u00fcrgermeisters der Landeshauptstadt M\u00fcnchen anzumelden.<\/p>\n","protected":false},"author":3,"featured_media":0,"parent":0,"menu_order":0,"comment_status":"closed","ping_status":"closed","template":"","meta":{"footnotes":""},"class_list":["post-13","page","type-page","status-publish","hentry"],"_links":{"self":[{"href":"https:\/\/veranstaltungen.muenchen.de\/protokoll\/wp-json\/wp\/v2\/pages\/13"}],"collection":[{"href":"https:\/\/veranstaltungen.muenchen.de\/protokoll\/wp-json\/wp\/v2\/pages"}],"about":[{"href":"https:\/\/veranstaltungen.muenchen.de\/protokoll\/wp-json\/wp\/v2\/types\/page"}],"author":[{"embeddable":true,"href":"https:\/\/veranstaltungen.muenchen.de\/protokoll\/wp-json\/wp\/v2\/users\/3"}],"replies":[{"embeddable":true,"href":"https:\/\/veranstaltungen.muenchen.de\/protokoll\/wp-json\/wp\/v2\/comments?post=13"}],"version-history":[{"count":7,"href":"https:\/\/veranstaltungen.muenchen.de\/protokoll\/wp-json\/wp\/v2\/pages\/13\/revisions"}],"predecessor-version":[{"id":203,"href":"https:\/\/veranstaltungen.muenchen.de\/protokoll\/wp-json\/wp\/v2\/pages\/13\/revisions\/203"}],"wp:attachment":[{"href":"https:\/\/veranstaltungen.muenchen.de\/protokoll\/wp-json\/wp\/v2\/media?parent=13"}],"curies":[{"name":"wp","href":"https:\/\/api.w.org\/{rel}","templated":true}]}}