
{"id":1480,"date":"2019-10-01T15:35:41","date_gmt":"2019-10-01T13:35:41","guid":{"rendered":"https:\/\/veranstaltungen.muenchen.de\/por\/?page_id=1480"},"modified":"2026-04-30T16:28:34","modified_gmt":"2026-04-30T14:28:34","slug":"impressum","status":"publish","type":"page","link":"https:\/\/veranstaltungen.muenchen.de\/por\/impressum\/","title":{"rendered":"Impressum"},"content":{"rendered":"\n<p><\/p>\n<table> \n<tbody>\n<tr>\n<td><strong>Landeshauptstadt M\u00fcnchen<\/strong><\/td>\n<td><strong>Personal- und Organisationsreferat<\/strong><\/td>\n<\/tr>\n<tr>\n<td>Oberb\u00fcrgermeister Dominik Krause<\/td>\n<td>Andreas Mickisch<\/td>\n<\/tr>\n<tr>\n<td>Postfach<\/td>\n<td>Marienplatz 8<\/td>\n<\/tr>\n<tr>\n<td>80313 M\u00fcnchen<\/td>\n<td>80331 M\u00fcnchen<\/td>\n<\/tr>\n<\/tbody>\n<\/table>\n<p><br><\/p>\n<p>E-Mail: <a href=\"mailto:kommunikation.por@muenchen.de\">kommunikation.por@muenchen.de<\/a><\/p>\n<p><\/p>\n<p>K\u00f6rperschaft des \u00f6ffentlichen Rechts<\/p>\n<p><\/p>\n<p>Umsatzsteuer-Identifikationsnummer DE 129 524 000<\/p>\n<p><\/p>\n<p>Zust\u00e4ndige Aufsichtsbeh\u00f6rde: Regierung von Oberbayern<\/p>\n<p><\/p>\n<p>Es gelten <a href=\"http:\/\/www.muenchen.de\/rathaus\/Kontakt\/Impressum.html\" target=\"_blank\" rel=\"noopener noreferrer\">Impressum und Rechtshinweise der Landeshauptstadt M\u00fcnchen<\/a>.<\/p>\n","protected":false},"excerpt":{"rendered":"<p>Landeshauptstadt M\u00fcnchen Personal- und Organisationsreferat Oberb\u00fcrgermeister Dominik Krause Andreas Mickisch Postfach Marienplatz 8 80313 M\u00fcnchen 80331 M\u00fcnchen E-Mail: kommunikation.por@muenchen.de K\u00f6rperschaft des \u00f6ffentlichen Rechts Umsatzsteuer-Identifikationsnummer DE 129 524 000 Zust\u00e4ndige Aufsichtsbeh\u00f6rde: Regierung von Oberbayern Es gelten Impressum und Rechtshinweise der Landeshauptstadt M\u00fcnchen.<\/p>\n","protected":false},"author":5,"featured_media":0,"parent":0,"menu_order":0,"comment_status":"closed","ping_status":"closed","template":"","meta":{"footnotes":""},"class_list":["post-1480","page","type-page","status-publish","hentry"],"_links":{"self":[{"href":"https:\/\/veranstaltungen.muenchen.de\/por\/wp-json\/wp\/v2\/pages\/1480"}],"collection":[{"href":"https:\/\/veranstaltungen.muenchen.de\/por\/wp-json\/wp\/v2\/pages"}],"about":[{"href":"https:\/\/veranstaltungen.muenchen.de\/por\/wp-json\/wp\/v2\/types\/page"}],"author":[{"embeddable":true,"href":"https:\/\/veranstaltungen.muenchen.de\/por\/wp-json\/wp\/v2\/users\/5"}],"replies":[{"embeddable":true,"href":"https:\/\/veranstaltungen.muenchen.de\/por\/wp-json\/wp\/v2\/comments?post=1480"}],"version-history":[{"count":10,"href":"https:\/\/veranstaltungen.muenchen.de\/por\/wp-json\/wp\/v2\/pages\/1480\/revisions"}],"predecessor-version":[{"id":3714,"href":"https:\/\/veranstaltungen.muenchen.de\/por\/wp-json\/wp\/v2\/pages\/1480\/revisions\/3714"}],"wp:attachment":[{"href":"https:\/\/veranstaltungen.muenchen.de\/por\/wp-json\/wp\/v2\/media?parent=1480"}],"curies":[{"name":"wp","href":"https:\/\/api.w.org\/{rel}","templated":true}]}}

<p></p>
<table> 
<tbody>
<tr>
<td><strong>Landeshauptstadt München</strong></td>
<td><strong>Personal- und Organisationsreferat</strong></td>
</tr>
<tr>
<td>Oberbürgermeister Dominik Krause</td>
<td>Andreas Mickisch</td>
</tr>
<tr>
<td>Postfach</td>
<td>Marienplatz 8</td>
</tr>
<tr>
<td>80313 München</td>
<td>80331 München</td>
</tr>
</tbody>
</table>
<p><br></p>
<p>E-Mail: <a href="mailto:kommunikation.por@muenchen.de">kommunikation.por@muenchen.de</a></p>
<p></p>
<p>Körperschaft des öffentlichen Rechts</p>
<p></p>
<p>Umsatzsteuer-Identifikationsnummer DE 129 524 000</p>
<p></p>
<p>Zuständige Aufsichtsbehörde: Regierung von Oberbayern</p>
<p></p>
<p>Es gelten <a href="http://www.muenchen.de/rathaus/Kontakt/Impressum.html" target="_blank" rel="noopener noreferrer">Impressum und Rechtshinweise der Landeshauptstadt München</a>.</p>

<p>Landeshauptstadt München Personal- und Organisationsreferat Oberbürgermeister Dominik Krause Andreas Mickisch Postfach Marienplatz 8 80313 München 80331 München E-Mail: kommunikation.por@muenchen.de Körperschaft des öffentlichen Rechts Umsatzsteuer-Identifikationsnummer DE 129 524 000 Zuständige Aufsichtsbehörde: Regierung von Oberbayern Es gelten Impressum und Rechtshinweise der Landeshauptstadt München.</p>
