
{"id":10,"date":"2019-11-05T13:58:35","date_gmt":"2019-11-05T12:58:35","guid":{"rendered":"http:\/\/test78.muenchen.de\/plan\/?page_id=10"},"modified":"2024-12-06T12:04:03","modified_gmt":"2024-12-06T11:04:03","slug":"willkommen","status":"publish","type":"page","link":"https:\/\/veranstaltungen.muenchen.de\/plan\/","title":{"rendered":"Willkommen"},"content":{"rendered":"\n<h2 class=\"wp-block-heading\"><b>Herzlich willkommen auf unserer Anmeldeseite!<\/b><\/h2>\n\n\n<p>Egal ob Stadtspazierg\u00e4nge, Info-Abende, Podiumsdiskussionen oder Ausstellungen &#8211; das Referat f\u00fcr Stadtplanung und Bauordnung organisiert eine Vielzahl an spannenden Veranstaltungen, einige auch digital.<\/p>\n<p>\u00a0<\/p>\n<p>Auf dieser Seite k\u00f6nnen Sie sich zu unseren Veranstaltungen anmelden. Alle weiteren Veranstaltungen, f\u00fcr die keine Anmeldung erforderlich ist, <a href=\"https:\/\/www.muenchen.de\/rathaus\/Stadtverwaltung\/Referat-fuer-Stadtplanung-und-Bauordnung\/Veranstaltungen.html\">finden Sie hier<\/a>.<\/p>\n<p>\u00a0<\/p>\n<p>Bitte f\u00fcllen Sie unser Anmeldeformular zur gew\u00fcnschten Veranstaltung mit Ihren Kontaktinformationen aus und senden es mit der Schaltfl\u00e4che \u201ezur Veranstaltung anmelden\u201c ab. Sie erhalten umgehend eine E-Mail mit der Best\u00e4tigung Ihrer Buchung.<\/p>\n<p>\u00a0<\/p>\n<p>Falls Sie Fragen haben oder sich von einer bereits gebuchten Veranstaltung wieder abmelden m\u00f6chten, wenden Sie sich bitte an die bei der Veranstaltung genannten Ansprechpartner.<\/p>\n<p>\u00a0<\/p>\n<p>Einige Veranstaltungen sind nur f\u00fcr einen bestimmten Personenkreis vorgesehen. Bitte beachten Sie hierzu die Hinweise in den Beschreibungen.<\/p>\n<h3>&gt;&gt; <a href=\"https:\/\/veranstaltungen.muenchen.de\/plan\/veranstaltungen\/\">Veranstaltungs\u00fcbersicht<\/a><\/h3>\n\n\n<p><\/p>\n","protected":false},"excerpt":{"rendered":"<p>Herzlich willkommen auf unserer Anmeldeseite! Egal ob Stadtspazierg\u00e4nge, Info-Abende, Podiumsdiskussionen oder Ausstellungen &#8211; das Referat f\u00fcr Stadtplanung und Bauordnung organisiert eine Vielzahl an spannenden Veranstaltungen, einige auch digital. \u00a0 Auf dieser Seite k\u00f6nnen Sie sich zu unseren Veranstaltungen anmelden. Alle weiteren Veranstaltungen, f\u00fcr die keine Anmeldung erforderlich ist, finden Sie hier. \u00a0 Bitte f\u00fcllen Sie [&hellip;]<\/p>\n","protected":false},"author":3,"featured_media":0,"parent":0,"menu_order":0,"comment_status":"closed","ping_status":"closed","template":"","meta":{"footnotes":""},"class_list":["post-10","page","type-page","status-publish","hentry"],"_links":{"self":[{"href":"https:\/\/veranstaltungen.muenchen.de\/plan\/wp-json\/wp\/v2\/pages\/10"}],"collection":[{"href":"https:\/\/veranstaltungen.muenchen.de\/plan\/wp-json\/wp\/v2\/pages"}],"about":[{"href":"https:\/\/veranstaltungen.muenchen.de\/plan\/wp-json\/wp\/v2\/types\/page"}],"author":[{"embeddable":true,"href":"https:\/\/veranstaltungen.muenchen.de\/plan\/wp-json\/wp\/v2\/users\/3"}],"replies":[{"embeddable":true,"href":"https:\/\/veranstaltungen.muenchen.de\/plan\/wp-json\/wp\/v2\/comments?post=10"}],"version-history":[{"count":16,"href":"https:\/\/veranstaltungen.muenchen.de\/plan\/wp-json\/wp\/v2\/pages\/10\/revisions"}],"predecessor-version":[{"id":1492,"href":"https:\/\/veranstaltungen.muenchen.de\/plan\/wp-json\/wp\/v2\/pages\/10\/revisions\/1492"}],"wp:attachment":[{"href":"https:\/\/veranstaltungen.muenchen.de\/plan\/wp-json\/wp\/v2\/media?parent=10"}],"curies":[{"name":"wp","href":"https:\/\/api.w.org\/{rel}","templated":true}]}}