
{"id":21,"date":"2016-01-14T09:37:12","date_gmt":"2016-01-14T08:37:12","guid":{"rendered":"http:\/\/veranstaltungen.muenchen.de\/mse\/?page_id=21"},"modified":"2024-06-10T14:42:00","modified_gmt":"2024-06-10T12:42:00","slug":"willkommen","status":"publish","type":"page","link":"https:\/\/veranstaltungen.muenchen.de\/mse\/","title":{"rendered":"Veranstaltungen bei der M\u00fcnchner Stadtentw\u00e4sserung"},"content":{"rendered":"\n<p> Eine \u00dcbersicht \u00fcber unsere aktuellen Veranstaltungen finden Sie <a href=\"https:\/\/stadt.muenchen.de\/infos\/muenchner-stadtentwaesserung-veranstaltungstermine.html\">hier<\/a>.<\/p>\n\n\n\n<h2 class=\"wp-block-heading\"><\/h2>\n\n\n\n<p>Sie m\u00f6chten in Zukunft automatisch \u00fcber unsere Veranstaltungen informiert werden? <a href=\"https:\/\/service.muenchen.de\/intelliform\/forms\/01\/01\/01\/newsletter\/index?newsletter.mse_3=1\">Hier <\/a>k\u00f6nnen Sie unseren Newsletter abonnieren. <\/p>\n\n\n\n<h2 class=\"wp-block-heading\">Mit freundlichen Gr\u00fc\u00dfen <\/h2>\n\n\n\n<p>Ihre M\u00fcnchner\nStadtentw\u00e4sserung<\/p>\n\n\n\n<p><\/p>\n","protected":false},"excerpt":{"rendered":"<p>Eine \u00dcbersicht \u00fcber unsere aktuellen Veranstaltungen finden Sie hier. Sie m\u00f6chten in Zukunft automatisch \u00fcber unsere Veranstaltungen informiert werden? Hier k\u00f6nnen Sie unseren Newsletter abonnieren. Mit freundlichen Gr\u00fc\u00dfen Ihre M\u00fcnchner Stadtentw\u00e4sserung<\/p>\n","protected":false},"author":6076,"featured_media":0,"parent":0,"menu_order":0,"comment_status":"closed","ping_status":"closed","template":"","meta":{"footnotes":""},"class_list":["post-21","page","type-page","status-publish","hentry"],"_links":{"self":[{"href":"https:\/\/veranstaltungen.muenchen.de\/mse\/wp-json\/wp\/v2\/pages\/21"}],"collection":[{"href":"https:\/\/veranstaltungen.muenchen.de\/mse\/wp-json\/wp\/v2\/pages"}],"about":[{"href":"https:\/\/veranstaltungen.muenchen.de\/mse\/wp-json\/wp\/v2\/types\/page"}],"author":[{"embeddable":true,"href":"https:\/\/veranstaltungen.muenchen.de\/mse\/wp-json\/wp\/v2\/users\/6076"}],"replies":[{"embeddable":true,"href":"https:\/\/veranstaltungen.muenchen.de\/mse\/wp-json\/wp\/v2\/comments?post=21"}],"version-history":[{"count":260,"href":"https:\/\/veranstaltungen.muenchen.de\/mse\/wp-json\/wp\/v2\/pages\/21\/revisions"}],"predecessor-version":[{"id":859,"href":"https:\/\/veranstaltungen.muenchen.de\/mse\/wp-json\/wp\/v2\/pages\/21\/revisions\/859"}],"wp:attachment":[{"href":"https:\/\/veranstaltungen.muenchen.de\/mse\/wp-json\/wp\/v2\/media?parent=21"}],"curies":[{"name":"wp","href":"https:\/\/api.w.org\/{rel}","templated":true}]}}