
{"id":12,"date":"2019-11-05T14:02:40","date_gmt":"2019-11-05T13:02:40","guid":{"rendered":"http:\/\/veranstaltungen.muenchen.de\/lhm\/?page_id=12"},"modified":"2026-05-04T14:21:30","modified_gmt":"2026-05-04T12:21:30","slug":"impressum","status":"publish","type":"page","link":"https:\/\/veranstaltungen.muenchen.de\/lhm\/impressum\/","title":{"rendered":"Impressum und Rechtshinweise"},"content":{"rendered":"<p>&nbsp;<\/p>\n<table style=\"width: 100%;\">\n<tbody>\n<tr>\n<td><strong>Landeshauptstadt M\u00fcnchen<\/strong><\/td>\n<td><\/td>\n<\/tr>\n<tr>\n<td>Oberb\u00fcrgermeister Dominik Krause<\/td>\n<td><\/td>\n<\/tr>\n<tr>\n<td>Marienplatz 8<\/td>\n<td><\/td>\n<\/tr>\n<tr>\n<td>80331 M\u00fcnchen<\/td>\n<td><\/td>\n<\/tr>\n<\/tbody>\n<\/table>\n<p>&nbsp;<\/p>\n<p>&nbsp;<\/p>\n<p>K\u00f6rperschaft des \u00f6ffentlichen Rechts<\/p>\n<p>&nbsp;<\/p>\n<p>Umsatzsteuer-Identifikationsnummer DE 129 524 000<\/p>\n<p>&nbsp;<\/p>\n<p>Zust\u00e4ndige Aufsichtsbeh\u00f6rde: Regierung von Oberbayern<\/p>\n<p>&nbsp;<\/p>\n<p>Es gelten <a href=\"https:\/\/stadt.muenchen.de\/infos\/impressum.html\" target=\"_blank\" rel=\"noopener noreferrer\">Impressum und Rechtshinweise der Landeshauptstadt M\u00fcnchen<\/a>.<\/p>\n","protected":false},"excerpt":{"rendered":"<p>&nbsp; Landeshauptstadt M\u00fcnchen Oberb\u00fcrgermeister Dominik Krause Marienplatz 8 80331 M\u00fcnchen &nbsp; &nbsp; K\u00f6rperschaft des \u00f6ffentlichen Rechts &nbsp; Umsatzsteuer-Identifikationsnummer DE 129 524 000 &nbsp; Zust\u00e4ndige Aufsichtsbeh\u00f6rde: Regierung von Oberbayern &nbsp; Es gelten Impressum und Rechtshinweise der Landeshauptstadt M\u00fcnchen.<\/p>\n","protected":false},"author":3,"featured_media":0,"parent":0,"menu_order":0,"comment_status":"closed","ping_status":"closed","template":"","meta":{"footnotes":""},"class_list":["post-12","page","type-page","status-publish","hentry"],"_links":{"self":[{"href":"https:\/\/veranstaltungen.muenchen.de\/lhm\/wp-json\/wp\/v2\/pages\/12"}],"collection":[{"href":"https:\/\/veranstaltungen.muenchen.de\/lhm\/wp-json\/wp\/v2\/pages"}],"about":[{"href":"https:\/\/veranstaltungen.muenchen.de\/lhm\/wp-json\/wp\/v2\/types\/page"}],"author":[{"embeddable":true,"href":"https:\/\/veranstaltungen.muenchen.de\/lhm\/wp-json\/wp\/v2\/users\/3"}],"replies":[{"embeddable":true,"href":"https:\/\/veranstaltungen.muenchen.de\/lhm\/wp-json\/wp\/v2\/comments?post=12"}],"version-history":[{"count":17,"href":"https:\/\/veranstaltungen.muenchen.de\/lhm\/wp-json\/wp\/v2\/pages\/12\/revisions"}],"predecessor-version":[{"id":822,"href":"https:\/\/veranstaltungen.muenchen.de\/lhm\/wp-json\/wp\/v2\/pages\/12\/revisions\/822"}],"wp:attachment":[{"href":"https:\/\/veranstaltungen.muenchen.de\/lhm\/wp-json\/wp\/v2\/media?parent=12"}],"curies":[{"name":"wp","href":"https:\/\/api.w.org\/{rel}","templated":true}]}}