
{"id":900,"date":"2021-03-01T13:22:40","date_gmt":"2021-03-01T12:22:40","guid":{"rendered":"http:\/\/veranstaltungen.muenchen.de\/bauzentrum\/?page_id=900"},"modified":"2025-10-29T10:08:54","modified_gmt":"2025-10-29T09:08:54","slug":"solarenergieveranstaltungen","status":"publish","type":"page","link":"https:\/\/veranstaltungen.muenchen.de\/bauzentrum\/solarenergieveranstaltungen\/","title":{"rendered":"Veranstaltungen zur Solarenergie"},"content":{"rendered":"\n<p><\/p>\n\n\n\n<p>Mit vielf\u00e4ltigen Veranstaltungen rund um das Thema Solarenergie werden B\u00fcrger*innen, Fachleute und Unternehmer*innen motiviert und unterst\u00fctzt, eigene Projekte umzusetzen.<\/p>\n\n\n\n<p><\/p>\n\n\n\n<hr class=\"wp-block-separator has-css-opacity\"\/>\n\n\n<div class=\"em em-view-container\" id=\"em-view-1115197269\" data-view=\"list-grouped\">\r\n\t<div class=\"em em-list em-events-list em-events-list-grouped\" id=\"em-events-list-grouped-1115197269\">\r\n\t<div class=\"css-events-month\"><h2>Mai 2026 <\/h2><table cellpadding=\"0\" cellspacing=\"0\" class=\"events-table\" >\r\n<thead>\r\n<tr>\r\n<th class=\"event-time\" width=\"150\">Datum<\/th>\r\n<th class=\"event-description\" width=\"*\">Veranstaltung<\/th>\r\n<\/tr>\r\n<\/thead>\r\n<tbody>\r\n    <tbody><tr>\r\n     <td>\r\n         05.05.2026\r\n     <\/td>\r\n     <td>\r\n         <a href=\"https:\/\/veranstaltungen.muenchen.de\/bauzentrum\/veranstaltungen\/bauzentrum-praesenz-vortrag-in-der-mvhs-sued-steckersolar-geraete-und-ihre-vielfaeltigen-einsatzmoeglichkeiten-2\/\">Bauzentrum Pr\u00e4senz-Vortrag in der MVHS S\u00fcd: Steckersolar-Ger\u00e4te und ihre vielf\u00e4ltigen Einsatzm\u00f6glichkeiten<\/a>\r\n     <\/td>\r\n<\/tr><tr>\r\n     <td>\r\n         15.05.2026\r\n     <\/td>\r\n     <td>\r\n         <a href=\"https:\/\/veranstaltungen.muenchen.de\/bauzentrum\/veranstaltungen\/solar2030-praesenz-veranstaltung-stammtisch-solar2030-e-v-12\/\">Solar2030 Pr\u00e4senz-Veranstaltung: Stammtisch Solar2030 e.V.<\/a>\r\n     <\/td>\r\n<\/tr><tr>\r\n     <td>\r\n         18.05.2026\r\n     <\/td>\r\n     <td>\r\n         <a href=\"https:\/\/veranstaltungen.muenchen.de\/bauzentrum\/veranstaltungen\/bauzentrum-online-seminar-kompakt-grundlagenseminar-konstruktiver-glasbau-fassadenintegrierte-photovoltaik-anlagen-und-glas-bauteile\/\">Bauzentrum Online-Seminar Kompakt: Grundlagenseminar &quot;Konstruktiver Glasbau&quot;: Fassadenintegrierte Photovoltaik-Anlagen und Glas-Bauteile<\/a>\r\n     <\/td>\r\n<\/tr><tr>\r\n     <td>\r\n         19.05.2026\r\n     <\/td>\r\n     <td>\r\n         <a href=\"https:\/\/veranstaltungen.muenchen.de\/bauzentrum\/veranstaltungen\/bauzentrum-online-forum-aktuelle-und-zukuenftige-gesetzliche-vorgaben-fuer-solarprojekte-und-bauvorhaben\/\">Bauzentrum Online-Forum: Aktuelle und zuk\u00fcnftige gesetzliche Vorgaben f\u00fcr Solarprojekte und Bauvorhaben<\/a>\r\n     <\/td>\r\n<\/tr><tr>\r\n     <td>\r\n         24.05.2026\r\n     <\/td>\r\n     <td>\r\n         <a href=\"https:\/\/veranstaltungen.muenchen.de\/bauzentrum\/veranstaltungen\/leocor-veranstaltung-solarcamp-muenchen-2\/\">Leocor Veranstaltung: Solarcamp M\u00fcnchen<\/a>\r\n     <\/td>\r\n<\/tr><tr>\r\n     <td>\r\n         28.05.2026\r\n     <\/td>\r\n     <td>\r\n         <a href=\"https:\/\/veranstaltungen.muenchen.de\/bauzentrum\/veranstaltungen\/verbraucherzentrale-bayern-online-veranstaltung-solarstrom-selbst-erzeugen-mit-pv-kleinstanlagen-4\/\">Verbraucherzentrale Bayern Online-Veranstaltung:  Solarstrom selbst erzeugen mit PV-Kleinstanlagen<\/a>\r\n     <\/td>\r\n<\/tr><\/tbody><\/table><\/div><div class=\"css-events-month\"><h2>Juni 2026 <\/h2><table cellpadding=\"0\" cellspacing=\"0\" class=\"events-table\" >\r\n<thead>\r\n<tr>\r\n<th class=\"event-time\" width=\"150\">Datum<\/th>\r\n<th class=\"event-description\" width=\"*\">Veranstaltung<\/th>\r\n<\/tr>\r\n<\/thead>\r\n<tbody>\r\n    <tbody><tr>\r\n     <td>\r\n         09.06.2026\r\n     <\/td>\r\n     <td>\r\n         <a href=\"https:\/\/veranstaltungen.muenchen.de\/bauzentrum\/veranstaltungen\/bauzentrum-praesenz-vortrag-in-der-mvhs-sued-pv-solarthermie-oder-hybridanlage-neue-optionen-fuer-die-sonnenenergienutzung\/\">Bauzentrum Pr\u00e4senz-Vortrag in der MVHS S\u00fcd: PV, Solarthermie- oder Hybridanlage? Neue Optionen f\u00fcr die Sonnenenergienutzung<\/a>\r\n     <\/td>\r\n<\/tr><tr>\r\n     <td>\r\n         10.06.2026\r\n     <\/td>\r\n     <td>\r\n         <a href=\"https:\/\/veranstaltungen.muenchen.de\/bauzentrum\/veranstaltungen\/bauzentrum-praesenz-vortrag-im-oebz-lueften-kuehlen-und-heizen-mit-solar-luftkollektoren-2\/\">Bauzentrum Pr\u00e4senz-Vortrag im \u00d6BZ: L\u00fcften, K\u00fchlen und Heizen mit Solar-Luftkollektoren<\/a>\r\n     <\/td>\r\n<\/tr><tr>\r\n     <td>\r\n         17.06.2026\r\n     <\/td>\r\n     <td>\r\n         <a href=\"https:\/\/veranstaltungen.muenchen.de\/bauzentrum\/veranstaltungen\/bauzentrum-praesenz-vortrag-in-der-mvhs-west-elektromobile-solar-laden-einrichtung-von-ladepunkten-und-foerdermoeglichkeiten\/\">Bauzentrum Pr\u00e4senz-Vortrag in der MVHS West: Elektromobile solar laden: Einrichtung von Ladepunkten und F\u00f6rderm\u00f6glichkeiten<\/a>\r\n     <\/td>\r\n<\/tr><tr>\r\n     <td>\r\n         18.06.2026\r\n     <\/td>\r\n     <td>\r\n         <a href=\"https:\/\/veranstaltungen.muenchen.de\/bauzentrum\/veranstaltungen\/bauzentrum-praesenz-vortrag-im-oebz-ist-strom-die-energie-der-zukunft-warmwasser-heizen-grundbedarf-und-arbeiten-eine-energie-fuer-alles\/\">Bauzentrum Pr\u00e4senz-Vortrag im \u00d6BZ: Ist Strom die Energie der Zukunft? Warmwasser, Heizen, Grundbedarf und Arbeiten \u2013 eine Energie f\u00fcr alles!<\/a>\r\n     <\/td>\r\n<\/tr><tr>\r\n     <td>\r\n         24.06.2026\r\n     <\/td>\r\n     <td>\r\n         <a href=\"https:\/\/veranstaltungen.muenchen.de\/bauzentrum\/veranstaltungen\/bauzentrum-praesenz-vortrag-im-oebz-waermepumpe-und-solarthermie-sinnvoll-kombiniert-ein-gutes-team\/\">Bauzentrum Pr\u00e4senz-Vortrag im \u00d6BZ: W\u00e4rmepumpe und Solarthermie - sinnvoll kombiniert ein gutes Team<\/a>\r\n     <\/td>\r\n<\/tr><tr>\r\n     <td>\r\n         25.06.2026\r\n     <\/td>\r\n     <td>\r\n         <a href=\"https:\/\/veranstaltungen.muenchen.de\/bauzentrum\/veranstaltungen\/bauzentrum-online-infoabend-wirtschaftlichkeit-von-photovoltaik-mit-und-ohne-stromspeicher-2\/\">Bauzentrum Online-Infoabend: Wirtschaftlichkeit von Photovoltaik mit und ohne Stromspeicher<\/a>\r\n     <\/td>\r\n<\/tr><tr>\r\n     <td>\r\n         30.06.2026\r\n     <\/td>\r\n     <td>\r\n         <a href=\"https:\/\/veranstaltungen.muenchen.de\/bauzentrum\/veranstaltungen\/bauzentrum-online-seminar-kompakt-dachbegruenung-planung-technik-und-nachhaltige-umsetzung\/\">Bauzentrum Online-Seminar Kompakt: Dachbegr\u00fcnung \u2013 Planung, Technik und nachhaltige Umsetzung<\/a>\r\n     <\/td>\r\n<\/tr><\/tbody><\/table><\/div>\t<\/div>\r\n<\/div>\n","protected":false},"excerpt":{"rendered":"<p>Mit vielf\u00e4ltigen Veranstaltungen rund um das Thema Solarenergie werden B\u00fcrger*innen, Fachleute und Unternehmer*innen motiviert und unterst\u00fctzt, eigene Projekte umzusetzen.<\/p>\n","protected":false},"author":2605,"featured_media":0,"parent":0,"menu_order":0,"comment_status":"closed","ping_status":"closed","template":"","meta":{"footnotes":""},"class_list":["post-900","page","type-page","status-publish","hentry"],"_links":{"self":[{"href":"https:\/\/veranstaltungen.muenchen.de\/bauzentrum\/wp-json\/wp\/v2\/pages\/900"}],"collection":[{"href":"https:\/\/veranstaltungen.muenchen.de\/bauzentrum\/wp-json\/wp\/v2\/pages"}],"about":[{"href":"https:\/\/veranstaltungen.muenchen.de\/bauzentrum\/wp-json\/wp\/v2\/types\/page"}],"author":[{"embeddable":true,"href":"https:\/\/veranstaltungen.muenchen.de\/bauzentrum\/wp-json\/wp\/v2\/users\/2605"}],"replies":[{"embeddable":true,"href":"https:\/\/veranstaltungen.muenchen.de\/bauzentrum\/wp-json\/wp\/v2\/comments?post=900"}],"version-history":[{"count":38,"href":"https:\/\/veranstaltungen.muenchen.de\/bauzentrum\/wp-json\/wp\/v2\/pages\/900\/revisions"}],"predecessor-version":[{"id":4398,"href":"https:\/\/veranstaltungen.muenchen.de\/bauzentrum\/wp-json\/wp\/v2\/pages\/900\/revisions\/4398"}],"wp:attachment":[{"href":"https:\/\/veranstaltungen.muenchen.de\/bauzentrum\/wp-json\/wp\/v2\/media?parent=900"}],"curies":[{"name":"wp","href":"https:\/\/api.w.org\/{rel}","templated":true}]}}

<p></p>



<p>Mit vielfältigen Veranstaltungen rund um das Thema Solarenergie werden Bürger*innen, Fachleute und Unternehmer*innen motiviert und unterstützt, eigene Projekte umzusetzen.</p>



<p></p>



<hr class="wp-block-separator has-css-opacity"/>


<div class="em em-view-container" id="em-view-1115197269" data-view="list-grouped">
	<div class="em em-list em-events-list em-events-list-grouped" id="em-events-list-grouped-1115197269">
	<div class="css-events-month"><h2>Mai 2026 </h2><table cellpadding="0" cellspacing="0" class="events-table" >
<thead>
<tr>
<th class="event-time" width="150">Datum</th>
<th class="event-description" width="*">Veranstaltung</th>
</tr>
</thead>
<tbody>
    <tbody><tr>
     <td>
         05.05.2026
     </td>
     <td>
         <a href="https://veranstaltungen.muenchen.de/bauzentrum/veranstaltungen/bauzentrum-praesenz-vortrag-in-der-mvhs-sued-steckersolar-geraete-und-ihre-vielfaeltigen-einsatzmoeglichkeiten-2/">Bauzentrum Präsenz-Vortrag in der MVHS Süd: Steckersolar-Geräte und ihre vielfältigen Einsatzmöglichkeiten</a>
     </td>
</tr><tr>
     <td>
         15.05.2026
     </td>
     <td>
         <a href="https://veranstaltungen.muenchen.de/bauzentrum/veranstaltungen/solar2030-praesenz-veranstaltung-stammtisch-solar2030-e-v-12/">Solar2030 Präsenz-Veranstaltung: Stammtisch Solar2030 e.V.</a>
     </td>
</tr><tr>
     <td>
         18.05.2026
     </td>
     <td>
         <a href="https://veranstaltungen.muenchen.de/bauzentrum/veranstaltungen/bauzentrum-online-seminar-kompakt-grundlagenseminar-konstruktiver-glasbau-fassadenintegrierte-photovoltaik-anlagen-und-glas-bauteile/">Bauzentrum Online-Seminar Kompakt: Grundlagenseminar &quot;Konstruktiver Glasbau&quot;: Fassadenintegrierte Photovoltaik-Anlagen und Glas-Bauteile</a>
     </td>
</tr><tr>
     <td>
         19.05.2026
     </td>
     <td>
         <a href="https://veranstaltungen.muenchen.de/bauzentrum/veranstaltungen/bauzentrum-online-forum-aktuelle-und-zukuenftige-gesetzliche-vorgaben-fuer-solarprojekte-und-bauvorhaben/">Bauzentrum Online-Forum: Aktuelle und zukünftige gesetzliche Vorgaben für Solarprojekte und Bauvorhaben</a>
     </td>
</tr><tr>
     <td>
         24.05.2026
     </td>
     <td>
         <a href="https://veranstaltungen.muenchen.de/bauzentrum/veranstaltungen/leocor-veranstaltung-solarcamp-muenchen-2/">Leocor Veranstaltung: Solarcamp München</a>
     </td>
</tr><tr>
     <td>
         28.05.2026
     </td>
     <td>
         <a href="https://veranstaltungen.muenchen.de/bauzentrum/veranstaltungen/verbraucherzentrale-bayern-online-veranstaltung-solarstrom-selbst-erzeugen-mit-pv-kleinstanlagen-4/">Verbraucherzentrale Bayern Online-Veranstaltung:  Solarstrom selbst erzeugen mit PV-Kleinstanlagen</a>
     </td>
</tr></tbody></table></div><div class="css-events-month"><h2>Juni 2026 </h2><table cellpadding="0" cellspacing="0" class="events-table" >
<thead>
<tr>
<th class="event-time" width="150">Datum</th>
<th class="event-description" width="*">Veranstaltung</th>
</tr>
</thead>
<tbody>
    <tbody><tr>
     <td>
         09.06.2026
     </td>
     <td>
         <a href="https://veranstaltungen.muenchen.de/bauzentrum/veranstaltungen/bauzentrum-praesenz-vortrag-in-der-mvhs-sued-pv-solarthermie-oder-hybridanlage-neue-optionen-fuer-die-sonnenenergienutzung/">Bauzentrum Präsenz-Vortrag in der MVHS Süd: PV, Solarthermie- oder Hybridanlage? Neue Optionen für die Sonnenenergienutzung</a>
     </td>
</tr><tr>
     <td>
         10.06.2026
     </td>
     <td>
         <a href="https://veranstaltungen.muenchen.de/bauzentrum/veranstaltungen/bauzentrum-praesenz-vortrag-im-oebz-lueften-kuehlen-und-heizen-mit-solar-luftkollektoren-2/">Bauzentrum Präsenz-Vortrag im ÖBZ: Lüften, Kühlen und Heizen mit Solar-Luftkollektoren</a>
     </td>
</tr><tr>
     <td>
         17.06.2026
     </td>
     <td>
         <a href="https://veranstaltungen.muenchen.de/bauzentrum/veranstaltungen/bauzentrum-praesenz-vortrag-in-der-mvhs-west-elektromobile-solar-laden-einrichtung-von-ladepunkten-und-foerdermoeglichkeiten/">Bauzentrum Präsenz-Vortrag in der MVHS West: Elektromobile solar laden: Einrichtung von Ladepunkten und Fördermöglichkeiten</a>
     </td>
</tr><tr>
     <td>
         18.06.2026
     </td>
     <td>
         <a href="https://veranstaltungen.muenchen.de/bauzentrum/veranstaltungen/bauzentrum-praesenz-vortrag-im-oebz-ist-strom-die-energie-der-zukunft-warmwasser-heizen-grundbedarf-und-arbeiten-eine-energie-fuer-alles/">Bauzentrum Präsenz-Vortrag im ÖBZ: Ist Strom die Energie der Zukunft? Warmwasser, Heizen, Grundbedarf und Arbeiten – eine Energie für alles!</a>
     </td>
</tr><tr>
     <td>
         24.06.2026
     </td>
     <td>
         <a href="https://veranstaltungen.muenchen.de/bauzentrum/veranstaltungen/bauzentrum-praesenz-vortrag-im-oebz-waermepumpe-und-solarthermie-sinnvoll-kombiniert-ein-gutes-team/">Bauzentrum Präsenz-Vortrag im ÖBZ: Wärmepumpe und Solarthermie - sinnvoll kombiniert ein gutes Team</a>
     </td>
</tr><tr>
     <td>
         25.06.2026
     </td>
     <td>
         <a href="https://veranstaltungen.muenchen.de/bauzentrum/veranstaltungen/bauzentrum-online-infoabend-wirtschaftlichkeit-von-photovoltaik-mit-und-ohne-stromspeicher-2/">Bauzentrum Online-Infoabend: Wirtschaftlichkeit von Photovoltaik mit und ohne Stromspeicher</a>
     </td>
</tr><tr>
     <td>
         30.06.2026
     </td>
     <td>
         <a href="https://veranstaltungen.muenchen.de/bauzentrum/veranstaltungen/bauzentrum-online-seminar-kompakt-dachbegruenung-planung-technik-und-nachhaltige-umsetzung/">Bauzentrum Online-Seminar Kompakt: Dachbegrünung – Planung, Technik und nachhaltige Umsetzung</a>
     </td>
</tr></tbody></table></div>	</div>
</div>

<p>Mit vielfältigen Veranstaltungen rund um das Thema Solarenergie werden Bürger*innen, Fachleute und Unternehmer*innen motiviert und unterstützt, eigene Projekte umzusetzen.</p>
